what is -7 - -163?
155
In base 12, what is -8 - 116?
-122
In base 12, what is 8545 - -2?
8547
In base 4, what is 3 - 3200?
-3131
In base 8, what is -1102 - -4?
-1076
In base 6, what is 2 - -4130?
4132
In base 14, what is -1b6b + 0?
-1b6b
In base 12, what is -23 + 113?
b0
In base 3, what is -10110 + 2?
-10101
In base 15, what is -17 - -4?
-13
In base 14, what is 5 + 18d7?
18dc
In base 15, what is 2508 + -2?
2506
In base 9, what is 5 - -521?
526
In base 13, what is -3 + -a1?
-a4
In base 8, what is -5 - -2062?
2055
In base 5, what is 324 + -4?
320
In base 10, what is -5 + -1596?
-1601
In base 8, what is 0 - 101?
-101
In base 3, what is 1010000 - -12?
1010012
In base 5, what is 1000 - 1011?
-11
In base 8, what is 475 + 3?
500
In base 9, what is -124 + 4?
-120
In base 6, what is 13013 + 2?
13015
In base 7, what is 32 - -1523?
1555
In base 7, what is 3 - 21?
-15
In base 14, what is -17 - -cc?
b5
In base 8, what is 133 + 0?
133
In base 12, what is -4 + 539?
535
In base 4, what is -201 + -2121?
-2322
In base 12, what is -7 + -16a9?
-16b4
In base 3, what is -1 - 1010?
-1011
In base 7, what is -4 + -366?
-403
In base 13, what is -104 - 8?
-10c
In base 14, what is 2 - 37?
-35
In base 13, what is 3 + -36a?
-367
In base 8, what is -31 + 14?
-15
In base 5, what is -14 - -1?
-13
In base 16, what is -c - -4c?
40
In base 7, what is -360 - 4?
-364
In base 6, what is -1121340 + 5?
-1121331
In base 8, what is -15 - -2?
-13
In base 7, what is 30 + 2?
32
In base 8, what is -2 + 1517?
1515
In base 10, what is 68 - 3?
65
In base 14, what is -31 - -3d?
c
In base 16, what is -3 + -1e8?
-1eb
In base 12, what is -b1 + -70?
-161
In base 14, what is -135 - -c?
-127
In base 13, what is 2a7 - -5?
2ac
In base 14, what is 2 + -b6?
-b4
In base 8, what is 1 - -3623?
3624
In base 7, what is -64 + 41?
-23
In base 8, what is -235 + -5?
-242
In base 8, what is -4563 + 2?
-4561
In base 11, what is -4826 + 2?
-4824
In base 14, what is -10 - -4?
-a
In base 13, what is -b72 + -6?
-b78
In base 13, what is -3 - 359?
-35c
In base 14, what is 3 + 264?
267
In base 5, what is 0 - 1022?
-1022
In base 12, what is -24 + 8?
-18
In base 3, what is -222 + -210?
-1202
In base 12, what is -327 + 0?
-327
In base 9, what is 32 - -16?
48
In base 16, what is 31 - -1d?
4e
In base 7, what is -2 + 245?
243
In base 9, what is 0 - -58?
58
In base 11, what is -a1 - -6a?
-32
In base 2, what is -10000 + -11011?
-101011
In base 8, what is -102 - -70?
-12
In base 6, what is 23455 + -4?
23451
In base 15, what is -2c + -24?
-51
In base 2, what is -1110100 + -100?
-1111000
In base 6, what is 351 - 20?
331
In base 16, what is 4 + -8?
-4
In base 5, what is -103 - -10?
-43
In base 16, what is -2d + 3d?
10
In base 6, what is 410 - 5?
401
In base 12, what is -3 - 462?
-465
In base 8, what is -2 + 15?
13
In base 10, what is 1 - 93?
-92
In base 10, what is 5 - 35?
-30
In base 11, what is 1 - 69?
-68
In base 5, what is -224 - -4?
-220
In base 2, what is 100 + 11111?
100011
In base 12, what is -5 - -38?
33
In base 8, what is -12056 - 0?
-12056
In base 12, what is -3 - 154?
-157
In base 12, what is -3 + -123?
-126
In base 7, what is -26152 + 4?
-26145
In base 5, what is -3 - -12340?
12332
In base 4, what is -2 + 11213?
11211
In base 3, what is 10011 - -10?
10021
In base 11, what is 410 + -2?
409
In base 3, what is 20 - -1002?
1022
In base 12, what is -6a9 - -4?
-6a5
In base 4, what is -13 + 100?
21
In base 11, what is 3 - 1a0?
-198
In base 6, what is 2 - -3150?
3152
In base 7, what is -556 - 11?
-600
In base 4, what is -212 + -3?
-221
In base 7, what is -111 + 6?
-102
In base 10, what is 262 - 8?
254
In base 2, what is -100111011 + 1001?
-100110010
In base 6, what is -4 - 430?
-434
In base 13, what is -7c1 + 5?
-7b9
In base 13, what is -1 - -1846?
1845
In base 13, what is 211 + 14?
225
In base 2, what is -10001011 - 1?
-10001100
In base 6, what is 4 - 1500?
-1452
In base 9, what is 26 - 0?
26
In base 5, what is 30 - 22?
3
In base 5, what is -31 - -33?
2
In base 13, what is -5 + -949?
-951
In base 3, what is 1 - -22202?
22210
In base 6, what is -4 + 351?
343
In base 11, what is 1 - 0?
1
In base 8, what is 2 - 457?
-455
In base 9, what is 5 + -73?
-67
In base 6, what is -13432 - 3?
-13435
In base 2, what is -11000010110 - -10?
-11000010100
In base 15, what is 5 - -2b0?
2b5
In base 6, what is 4535 + 1?
4540
In base 8, what is -5 - -135?
130
In base 15, what is -563 - 4?
-567
In base 2, what is -11001110100110 - 11?
-11001110101001
In base 5, what is 10 - -4012?
4022
In base 14, what is -ac - 4?
-b2
In base 13, what is 538 + -1?
537
In base 12, what is -4b + 3?
-48
In base 8, what is -20 - 0?
-20
In base 6, what is 4 - 31?
-23
In base 10, what is -788 + -3?
-791
In base 15, what is -3 - -8a?
87
In base 16, what is 2 + -14?
-12
In base 14, what is 1a4 - 5?
19d
In base 10, what is -17 - 10?
-27
In base 8, what is 43 + 320?
363
In base 9, what is -5 + -381?
-386
In base 7, what is -6 - -30?
21
In base 8, what is -5 + -33?
-40
In base 12, what is 4 - -2b?
33
In base 2, what is 101 + -1001011?
-1000110
In base 14, what is -25c - -5?
-257
In base 6, what is -4 + 4332?
4324
In base 16, what is 12c3 + -5?
12be
In base 4, what is 3123 - 13?
3110
In base 12, what is -8 - 1b?
-27
In base 16, what is 67 + -2?
65
In base 6, what is 34 + -225?
-151
In base 2, what is 1100001 - 1011110?
11
In base 6, what is 343221 + 4?
343225
In base 15, what is -3 - -108?
105
In base 9, what is 3 - -1114?
1117
In base 2, what is -1011001000 + -1?
-1011001001
In base 3, what is -12 - -11022212?
11022200
In base 10, what is 0 + 125?
125
In base 16, what is -39 - -f?
-2a
In base 16, what is -1b8 + 30?
-188
In base 11, what is -47 + -81?
-118
In base 6, what is -53 + -152?
-245
In base 2, what is -1 + -1000011010?
-1000011011
In base 12, what is -5 + -840?
-845
In base 2, what is 11011 + 101?
100000
In base 8, what is 255 + -1?
254
In base 4, what is -20222 + -2?
-20230
In base 8, what is 245 + 1?
246
In base 6, what is 0 - 4245?
-4245
In base 12, what is 1b - -46?
65
In base 12, what is b + 96?
a5
In base 11, what is -a - 4a?
-59
In base 16, what is -1e + -1d?
-3b
In base 11, what is -5a + 17?
-43
In base 7, what is 16 + -65?
-46
In base 15, what is 146 + 0?
146
In base 9, what is -4458 + -5?
-4464
In base 13, what is -8 + 10?
5
In base 7, what is -1 - -14?
13
In base 15, what is -6 + -7?
-d
In base 11, what is -39 - -405?
377
In base 13, what is 8b - 11?
7a
In base 6, what is 42 - 3?
35
In base 3, what is 12 + 1011211?
1012000
In base 11, what is 28 - -3?
30
In base 9, what is 4 - 414?
-410
In base 4, what is -2133 + -1210?
-10003
In base 15, what is -c + -1c?
-29
In base 16, what is -644 + -4?
-648
In base 13, what is 66 + 4?
6a
In base 2, what is -10001100 - 100?
-10010000
In base 6, what is -2 + 351?
345
In base 7, what is 40 - 235?
-165
In base 9, what is -1 + -1330?
-1331
In base 13, what is 2 + -16?
-14
In base 16, what is 7 + 20?
27
In base 9, what is 35 - 1?
34
In base 16, what is 5 + aa?
af
In base 2, what is -100 - -10101011100?
10101011000
In base 7, what is -2516 - -3?
-2513
In base 4, what is 112 + -20313?
-20201
In base 14, what is 9 - 4?
5
In base 15, what is 4a1 + -2?
49e
In base 11, what is 104 + -4?
100
In base 13, what is -557 - -3?
-554
In base 14, what is -446 + 1?
-445
In base 5, what is 24 - 3200?
-3121
In base 14, what is 5 - 747?
-742
In base 3, what is 11102 - 1020?
10012
In base 3, what is 21 - -1110?
1201
In base 13, what is 5 - -64?
69
In base 10, what is -91 + -16?
-107
In base 13, what is -229 + 3?
-226
In base 13, what is 27 + 2?
29
In base 11, what is -1 + -49?
-4a
In base 6, what is 205 - 42?
123
In base 2, what is 0 + -111010010?
-111010010
In base 9, what is 10518 + -3?
10515
In base 15, what is -3 - 77?
-7a
In base 14, what is -2247 - -5?
-2242
In base 12, what is -3 + -13a?
-141
In base 13, what is -44 + 11?
-33
In base 14, what is -7 - -11?
8
In base 16, what is 1 - -1b8?
1b9
In base 14, what is 5 + -71?
-6a
In base 10, what is 4 - -38?
42
In base 6, what is -1 - 23?
-24
In base 7, what is 14 - 33?
-16
In base 8, what is -1006 - -3?
-1003
In base 4, what is 11203 - -2?
11211
In base 9, what is -1 - -1081?
1080
In base 10, what is 0 + -38?
-38
In base 12, what is 5 + 265?
26a
In base 3, what is -100210001 + 12?
-1002022